{"id":4203,"date":"2026-04-08T18:08:28","date_gmt":"2026-04-08T16:08:28","guid":{"rendered":"https:\/\/mallorca-portal.com\/events\/mercado-semanal-de-soller\/"},"modified":"2026-04-08T18:08:28","modified_gmt":"2026-04-08T16:08:28","slug":"mercado-semanal-de-soller","status":"publish","type":"mec-events","link":"https:\/\/mallorca-portal.com\/es\/events\/mercado-semanal-de-soller\/","title":{"rendered":"Mercado semanal de S\u00f3ller"},"content":{"rendered":"<p>Situado en el coraz\u00f3n del Valle de las Naranjas, el mercado semanal de S\u00f3ller es uno de los m\u00e1s evocadores del noroeste de Mallorca. Cada s\u00e1bado, la plaza central situada frente a la imponente iglesia de Sant Bartomeu se convierte en un animado punto de encuentro, enmarcado por el famoso tranv\u00eda hist\u00f3rico y el encanto tan especial de esta peque\u00f1a localidad enclavada entre las monta\u00f1as de la Serra de Tramuntana.<\/p>\n<h2>\u00bfQu\u00e9 se puede encontrar en el mercado semanal de S\u00f3ller?<\/h2>\n<p>Alrededor de la Pla\u00e7a de la Constituci\u00f3 se agolpan los puestos: fruta y verdura fresca de la regi\u00f3n, adem\u00e1s de las famosas naranjas y limones del valle. La oferta se completa con especialidades mallorquinas como aceitunas, aceite de oliva del \u00abvalle dorado\u00bb, queso de oveja y sobrasada. Tambi\u00e9n encontrar\u00e1s aqu\u00ed textiles, complementos de moda, calzado, art\u00edculos de cuero, jabones artesanales, plantas y objetos decorativos artesanales. De este modo, el mercado combina las compras diarias de los lugare\u00f1os con bonitos hallazgos para los visitantes.<\/p>\n<h2>\u00bfCu\u00e1ndo y d\u00f3nde?<\/h2>\n<p>El mercado semanal de S\u00f3ller tiene lugar todos los s\u00e1bados de 9:00 a 13:00. Lo encontrar\u00e1s en la Pla\u00e7a de la Constituci\u00f3 y en las callejuelas adyacentes, justo delante de la iglesia de Sant Bartomeu, en el centro hist\u00f3rico del pueblo.<\/p>\n<h2>C\u00f3mo llegar y aparcamiento<\/h2>\n<p>S\u00f3ller se encuentra a unos 30 kil\u00f3metros al norte de Palma y se puede llegar f\u00e1cilmente en coche a trav\u00e9s del t\u00fanel. Una experiencia especial es el trayecto en el tren hist\u00f3rico desde Palma o en el nost\u00e1lgico tranv\u00eda (Tramvia) desde el puerto. Si vienes en coche, lo mejor es aparcar en uno de los aparcamientos de las afueras, ya que las callejuelas del centro son estrechas y est\u00e1n muy concurridas los d\u00edas de mercado.<\/p>\n<h2>Consejo para tu visita al mercado<\/h2>\n<p>Ven temprano para disfrutar tranquilamente del ambiente matutino, antes de que empiece la aglomeraci\u00f3n. Despu\u00e9s, reserva un rato para tomarte un caf\u00e9 en una de las terrazas que rodean la plaza y no dejes de probar un zumo de naranja reci\u00e9n exprimido, una especialidad originaria del valle de S\u00f3ller.<\/p>\n<h2>Preguntas frecuentes sobre el mercado semanal de S\u00f3ller<\/h2>\n","protected":false},"excerpt":{"rendered":"<p>Situado en el coraz\u00f3n del Valle de las Naranjas, el mercado semanal de S\u00f3ller es uno de los m\u00e1s evocadores del noroeste de Mallorca. Cada s\u00e1bado, la plaza central situada frente a la imponente iglesia de Sant Bartomeu se convierte en un animado punto de encuentro, enmarcado por el famoso tranv\u00eda hist\u00f3rico y el encanto<\/p>\n","protected":false},"author":0,"featured_media":0,"comment_status":"open","ping_status":"closed","template":"","tags":[],"mec_category":[678],"class_list":["post-4203","mec-events","type-mec-events","status-publish","hentry","mec_category-mercados-semanales"],"_links":{"self":[{"href":"https:\/\/mallorca-portal.com\/es\/wp-json\/wp\/v2\/mec-events\/4203","targetHints":{"allow":["GET"]}}],"collection":[{"href":"https:\/\/mallorca-portal.com\/es\/wp-json\/wp\/v2\/mec-events"}],"about":[{"href":"https:\/\/mallorca-portal.com\/es\/wp-json\/wp\/v2\/types\/mec-events"}],"replies":[{"embeddable":true,"href":"https:\/\/mallorca-portal.com\/es\/wp-json\/wp\/v2\/comments?post=4203"}],"wp:attachment":[{"href":"https:\/\/mallorca-portal.com\/es\/wp-json\/wp\/v2\/media?parent=4203"}],"wp:term":[{"taxonomy":"post_tag","embeddable":true,"href":"https:\/\/mallorca-portal.com\/es\/wp-json\/wp\/v2\/tags?post=4203"},{"taxonomy":"mec_category","embeddable":true,"href":"https:\/\/mallorca-portal.com\/es\/wp-json\/wp\/v2\/mec_category?post=4203"}],"curies":[{"name":"wp","href":"https:\/\/api.w.org\/{rel}","templated":true}]}}

Mercado semanal de Sóller

<p>Situado en el corazón del Valle de las Naranjas, el mercado semanal de Sóller es uno de los más evocadores del noroeste de Mallorca. Cada sábado, la plaza central situada frente a la imponente iglesia de Sant Bartomeu se convierte en un animado punto de encuentro, enmarcado por el famoso tranvía histórico y el encanto tan especial de esta pequeña localidad enclavada entre las montañas de la Serra de Tramuntana.</p>
<h2>¿Qué se puede encontrar en el mercado semanal de Sóller?</h2>
<p>Alrededor de la Plaça de la Constitució se agolpan los puestos: fruta y verdura fresca de la región, además de las famosas naranjas y limones del valle. La oferta se completa con especialidades mallorquinas como aceitunas, aceite de oliva del «valle dorado», queso de oveja y sobrasada. También encontrarás aquí textiles, complementos de moda, calzado, artículos de cuero, jabones artesanales, plantas y objetos decorativos artesanales. De este modo, el mercado combina las compras diarias de los lugareños con bonitos hallazgos para los visitantes.</p>
<h2>¿Cuándo y dónde?</h2>
<p>El mercado semanal de Sóller tiene lugar todos los sábados de 9:00 a 13:00. Lo encontrarás en la Plaça de la Constitució y en las callejuelas adyacentes, justo delante de la iglesia de Sant Bartomeu, en el centro histórico del pueblo.</p>
<h2>Cómo llegar y aparcamiento</h2>
<p>Sóller se encuentra a unos 30 kilómetros al norte de Palma y se puede llegar fácilmente en coche a través del túnel. Una experiencia especial es el trayecto en el tren histórico desde Palma o en el nostálgico tranvía (Tramvia) desde el puerto. Si vienes en coche, lo mejor es aparcar en uno de los aparcamientos de las afueras, ya que las callejuelas del centro son estrechas y están muy concurridas los días de mercado.</p>
<h2>Consejo para tu visita al mercado</h2>
<p>Ven temprano para disfrutar tranquilamente del ambiente matutino, antes de que empiece la aglomeración. Después, reserva un rato para tomarte un café en una de las terrazas que rodean la plaza y no dejes de probar un zumo de naranja recién exprimido, una especialidad originaria del valle de Sóller.</p>
<h2>Preguntas frecuentes sobre el mercado semanal de Sóller</h2>

<p>Situado en el corazón del Valle de las Naranjas, el mercado semanal de Sóller es uno de los más evocadores del noroeste de Mallorca. Cada sábado, la plaza central situada frente a la imponente iglesia de Sant Bartomeu se convierte en un animado punto de encuentro, enmarcado por el famoso tranvía histórico y el encanto</p>
