{"id":4211,"date":"2026-04-08T18:08:28","date_gmt":"2026-04-08T16:08:28","guid":{"rendered":"https:\/\/mallorca-portal.com\/events\/mercado-semanal-de-esporles\/"},"modified":"2026-04-08T18:08:28","modified_gmt":"2026-04-08T16:08:28","slug":"mercado-semanal-de-esporles","status":"publish","type":"mec-events","link":"https:\/\/mallorca-portal.com\/es\/events\/mercado-semanal-de-esporles\/","title":{"rendered":"Mercado semanal de Esporles"},"content":{"rendered":"<p>Enclavado en las verdes estribaciones de la Serra de Tramuntana, Esporles es un tranquilo pueblo de monta\u00f1a con un mercado semanal acogedor y a escala humana. Cada s\u00e1bado, el mercado da vida al pueblo sin llegar a parecer abarrotado: un aut\u00e9ntico punto de encuentro en el que muchos de los productos proceden directamente de los agricultores de los alrededores.<\/p>\n<h2>\u00bfQu\u00e9 se puede encontrar en el mercado semanal de Esporles?<\/h2>\n<p>El mercado se centra en productos frescos y regionales: fruta y verdura de las granjas de los alrededores, adem\u00e1s de embutidos, especialidades en conserva, plantas y flores. La oferta se completa con ropa y complementos. Dado que muchos puestos est\u00e1n a cargo de agricultores del valle, el mercado tiene un car\u00e1cter \u00edntimo, casi ecol\u00f3gico, que lo distingue de los grandes mercados tur\u00edsticos de la isla.<\/p>\n<h2>\u00bfCu\u00e1ndo y d\u00f3nde?<\/h2>\n<p>El mercado semanal de Esporles tiene lugar todos los s\u00e1bados de 9:00 a 13:00. Lo encontrar\u00e1s en la Pla\u00e7a d\u2019Espanya y a lo largo de la calle principal, en el coraz\u00f3n del pueblo.<\/p>\n<h2>C\u00f3mo llegar y aparcamiento<\/h2>\n<p>Esporles se encuentra a unos 15 kil\u00f3metros al noroeste de Palma y se puede llegar f\u00e1cilmente en coche por una carretera con bonitas vistas que atraviesa las estribaciones de la Tramuntana. En el pueblo encontrar\u00e1s plazas de aparcamiento en la calle y en peque\u00f1as plazas; quien llegue temprano lo tendr\u00e1 m\u00e1s f\u00e1cil. A continuaci\u00f3n, el compacto centro se puede recorrer c\u00f3modamente a pie.<\/p>\n<h2>Consejo para tu visita al mercado<\/h2>\n<p>T\u00f3mate tu tiempo para dar un paseo junto al peque\u00f1o arroyo que atraviesa el pueblo y que est\u00e1 flanqueado por \u00e1rboles que dan sombra. En alguna de las acogedoras cafeter\u00edas de la plaza podr\u00e1s disfrutar tranquilamente del bullicio del mercado mientras te tomas un caf\u00e9.<\/p>\n<h2>Preguntas frecuentes sobre el mercado semanal de Esporles<\/h2>\n","protected":false},"excerpt":{"rendered":"<p>Enclavado en las verdes estribaciones de la Serra de Tramuntana, Esporles es un tranquilo pueblo de monta\u00f1a con un mercado semanal acogedor y a escala humana. Cada s\u00e1bado, el mercado da vida al pueblo sin llegar a parecer abarrotado: un aut\u00e9ntico punto de encuentro en el que muchos de los productos proceden directamente de los<\/p>\n","protected":false},"author":0,"featured_media":0,"comment_status":"open","ping_status":"closed","template":"","tags":[],"mec_category":[678],"class_list":["post-4211","mec-events","type-mec-events","status-publish","hentry","mec_category-mercados-semanales"],"_links":{"self":[{"href":"https:\/\/mallorca-portal.com\/es\/wp-json\/wp\/v2\/mec-events\/4211","targetHints":{"allow":["GET"]}}],"collection":[{"href":"https:\/\/mallorca-portal.com\/es\/wp-json\/wp\/v2\/mec-events"}],"about":[{"href":"https:\/\/mallorca-portal.com\/es\/wp-json\/wp\/v2\/types\/mec-events"}],"replies":[{"embeddable":true,"href":"https:\/\/mallorca-portal.com\/es\/wp-json\/wp\/v2\/comments?post=4211"}],"wp:attachment":[{"href":"https:\/\/mallorca-portal.com\/es\/wp-json\/wp\/v2\/media?parent=4211"}],"wp:term":[{"taxonomy":"post_tag","embeddable":true,"href":"https:\/\/mallorca-portal.com\/es\/wp-json\/wp\/v2\/tags?post=4211"},{"taxonomy":"mec_category","embeddable":true,"href":"https:\/\/mallorca-portal.com\/es\/wp-json\/wp\/v2\/mec_category?post=4211"}],"curies":[{"name":"wp","href":"https:\/\/api.w.org\/{rel}","templated":true}]}}

<p>Enclavado en las verdes estribaciones de la Serra de Tramuntana, Esporles es un tranquilo pueblo de montaña con un mercado semanal acogedor y a escala humana. Cada sábado, el mercado da vida al pueblo sin llegar a parecer abarrotado: un auténtico punto de encuentro en el que muchos de los productos proceden directamente de los agricultores de los alrededores.</p>
<h2>¿Qué se puede encontrar en el mercado semanal de Esporles?</h2>
<p>El mercado se centra en productos frescos y regionales: fruta y verdura de las granjas de los alrededores, además de embutidos, especialidades en conserva, plantas y flores. La oferta se completa con ropa y complementos. Dado que muchos puestos están a cargo de agricultores del valle, el mercado tiene un carácter íntimo, casi ecológico, que lo distingue de los grandes mercados turísticos de la isla.</p>
<h2>¿Cuándo y dónde?</h2>
<p>El mercado semanal de Esporles tiene lugar todos los sábados de 9:00 a 13:00. Lo encontrarás en la Plaça d’Espanya y a lo largo de la calle principal, en el corazón del pueblo.</p>
<h2>Cómo llegar y aparcamiento</h2>
<p>Esporles se encuentra a unos 15 kilómetros al noroeste de Palma y se puede llegar fácilmente en coche por una carretera con bonitas vistas que atraviesa las estribaciones de la Tramuntana. En el pueblo encontrarás plazas de aparcamiento en la calle y en pequeñas plazas; quien llegue temprano lo tendrá más fácil. A continuación, el compacto centro se puede recorrer cómodamente a pie.</p>
<h2>Consejo para tu visita al mercado</h2>
<p>Tómate tu tiempo para dar un paseo junto al pequeño arroyo que atraviesa el pueblo y que está flanqueado por árboles que dan sombra. En alguna de las acogedoras cafeterías de la plaza podrás disfrutar tranquilamente del bullicio del mercado mientras te tomas un café.</p>
<h2>Preguntas frecuentes sobre el mercado semanal de Esporles</h2>

<p>Enclavado en las verdes estribaciones de la Serra de Tramuntana, Esporles es un tranquilo pueblo de montaña con un mercado semanal acogedor y a escala humana. Cada sábado, el mercado da vida al pueblo sin llegar a parecer abarrotado: un auténtico punto de encuentro en el que muchos de los productos proceden directamente de los</p>
