{"id":4215,"date":"2026-04-08T18:08:28","date_gmt":"2026-04-08T16:08:28","guid":{"rendered":"https:\/\/mallorca-portal.com\/events\/mercado-semanal-de-campos-sabado\/"},"modified":"2026-04-08T18:08:28","modified_gmt":"2026-04-08T16:08:28","slug":"mercado-semanal-de-campos-sabado","status":"publish","type":"mec-events","link":"https:\/\/mallorca-portal.com\/es\/events\/mercado-semanal-de-campos-sabado\/","title":{"rendered":"Mercado semanal de Campos (s\u00e1bado)"},"content":{"rendered":"<p>Situada en el f\u00e9rtil sur de Mallorca, Campos es una localidad agr\u00edcola llena de tradici\u00f3n, en la que el mercado semanal cuenta con una larga historia. Los s\u00e1bados, el mercado alcanza su m\u00e1ximo esplendor: numerosos puestos se extienden por el centro y atraen a los visitantes con una amplia oferta en la que se percibe claramente el car\u00e1cter agr\u00edcola de la regi\u00f3n.<\/p>\n<h2>\u00bfQu\u00e9 se puede encontrar en el mercado semanal de Campos?<\/h2>\n<p>Muchos agricultores de Campos y sus alrededores venden aqu\u00ed fruta y verdura fresca directamente de sus propios campos; la regi\u00f3n es conocida por sus suelos f\u00e9rtiles y sus productos agr\u00edcolas. A ello se suman especialidades mallorquinas como el queso, los embutidos y los productos de panader\u00eda, as\u00ed como, dependiendo del puesto, ropa, complementos y artesan\u00eda. El mercado de los s\u00e1bados es mucho m\u00e1s amplio que el de entre semana e invita a dar un largo paseo.<\/p>\n<h2>\u00bfCu\u00e1ndo y d\u00f3nde?<\/h2>\n<p>El gran mercado semanal de Campos tiene lugar todos los s\u00e1bados de 9:00 a 13:00 horas, en la Pla\u00e7a de Can Pere Ignasi y en las calles adyacentes del centro. <a href=\"https:\/\/mallorca-portal.com\/es\/events\/mercado-semanal-de-campos-jueves-2\/\">Los jueves tambi\u00e9n<\/a> hay un mercado m\u00e1s peque\u00f1o, especializado en fruta, verdura, flores y plantas.<\/p>\n<h2>C\u00f3mo llegar y aparcar<\/h2>\n<p>Campos se encuentra en el sur de Mallorca, a unos 40 kil\u00f3metros de Palma, y se puede llegar f\u00e1cilmente en coche por la carretera. Dado que la localidad es un importante nudo de comunicaciones de la regi\u00f3n, los aparcamientos del centro se llenan r\u00e1pidamente los d\u00edas de mercado. En las afueras del pueblo suele ser m\u00e1s f\u00e1cil encontrar plaza de aparcamiento y, desde all\u00ed, se llega al mercado en pocos minutos a pie.<\/p>\n<h2>Consejo para tu visita al mercado<\/h2>\n<p>Si te interesan los productos frescos y regionales, los puestos de los agricultores locales son la mejor opci\u00f3n. T\u00f3mate tu tiempo y prueba la oferta de temporada. Despu\u00e9s, merece la pena hacer una pausa en una de las cafeter\u00edas tradicionales del centro de Campos.<\/p>\n<h2>Preguntas frecuentes sobre el mercado semanal de Campos<\/h2>\n","protected":false},"excerpt":{"rendered":"<p>Situada en el f\u00e9rtil sur de Mallorca, Campos es una localidad agr\u00edcola llena de tradici\u00f3n, en la que el mercado semanal cuenta con una larga historia. Los s\u00e1bados, el mercado alcanza su m\u00e1ximo esplendor: numerosos puestos se extienden por el centro y atraen a los visitantes con una amplia oferta en la que se percibe<\/p>\n","protected":false},"author":0,"featured_media":0,"comment_status":"open","ping_status":"closed","template":"","tags":[],"mec_category":[678],"class_list":["post-4215","mec-events","type-mec-events","status-publish","hentry","mec_category-mercados-semanales"],"_links":{"self":[{"href":"https:\/\/mallorca-portal.com\/es\/wp-json\/wp\/v2\/mec-events\/4215","targetHints":{"allow":["GET"]}}],"collection":[{"href":"https:\/\/mallorca-portal.com\/es\/wp-json\/wp\/v2\/mec-events"}],"about":[{"href":"https:\/\/mallorca-portal.com\/es\/wp-json\/wp\/v2\/types\/mec-events"}],"replies":[{"embeddable":true,"href":"https:\/\/mallorca-portal.com\/es\/wp-json\/wp\/v2\/comments?post=4215"}],"wp:attachment":[{"href":"https:\/\/mallorca-portal.com\/es\/wp-json\/wp\/v2\/media?parent=4215"}],"wp:term":[{"taxonomy":"post_tag","embeddable":true,"href":"https:\/\/mallorca-portal.com\/es\/wp-json\/wp\/v2\/tags?post=4215"},{"taxonomy":"mec_category","embeddable":true,"href":"https:\/\/mallorca-portal.com\/es\/wp-json\/wp\/v2\/mec_category?post=4215"}],"curies":[{"name":"wp","href":"https:\/\/api.w.org\/{rel}","templated":true}]}}

Mercado semanal de Campos (sábado)

<p>Situada en el fértil sur de Mallorca, Campos es una localidad agrícola llena de tradición, en la que el mercado semanal cuenta con una larga historia. Los sábados, el mercado alcanza su máximo esplendor: numerosos puestos se extienden por el centro y atraen a los visitantes con una amplia oferta en la que se percibe claramente el carácter agrícola de la región.</p>
<h2>¿Qué se puede encontrar en el mercado semanal de Campos?</h2>
<p>Muchos agricultores de Campos y sus alrededores venden aquí fruta y verdura fresca directamente de sus propios campos; la región es conocida por sus suelos fértiles y sus productos agrícolas. A ello se suman especialidades mallorquinas como el queso, los embutidos y los productos de panadería, así como, dependiendo del puesto, ropa, complementos y artesanía. El mercado de los sábados es mucho más amplio que el de entre semana e invita a dar un largo paseo.</p>
<h2>¿Cuándo y dónde?</h2>
<p>El gran mercado semanal de Campos tiene lugar todos los sábados de 9:00 a 13:00 horas, en la Plaça de Can Pere Ignasi y en las calles adyacentes del centro. <a href="https://mallorca-portal.com/es/events/mercado-semanal-de-campos-jueves-2/">Los jueves también</a> hay un mercado más pequeño, especializado en fruta, verdura, flores y plantas.</p>
<h2>Cómo llegar y aparcar</h2>
<p>Campos se encuentra en el sur de Mallorca, a unos 40 kilómetros de Palma, y se puede llegar fácilmente en coche por la carretera. Dado que la localidad es un importante nudo de comunicaciones de la región, los aparcamientos del centro se llenan rápidamente los días de mercado. En las afueras del pueblo suele ser más fácil encontrar plaza de aparcamiento y, desde allí, se llega al mercado en pocos minutos a pie.</p>
<h2>Consejo para tu visita al mercado</h2>
<p>Si te interesan los productos frescos y regionales, los puestos de los agricultores locales son la mejor opción. Tómate tu tiempo y prueba la oferta de temporada. Después, merece la pena hacer una pausa en una de las cafeterías tradicionales del centro de Campos.</p>
<h2>Preguntas frecuentes sobre el mercado semanal de Campos</h2>

<p>Situada en el fértil sur de Mallorca, Campos es una localidad agrícola llena de tradición, en la que el mercado semanal cuenta con una larga historia. Los sábados, el mercado alcanza su máximo esplendor: numerosos puestos se extienden por el centro y atraen a los visitantes con una amplia oferta en la que se percibe</p>
