{"id":4221,"date":"2026-04-08T18:08:29","date_gmt":"2026-04-08T16:08:29","guid":{"rendered":"https:\/\/mallorca-portal.com\/events\/mercado-semanal-de-campanet-sabado\/"},"modified":"2026-04-08T18:08:29","modified_gmt":"2026-04-08T16:08:29","slug":"mercado-semanal-de-campanet-sabado","status":"publish","type":"mec-events","link":"https:\/\/mallorca-portal.com\/es\/events\/mercado-semanal-de-campanet-sabado\/","title":{"rendered":"Mercado semanal de Campanet (s\u00e1bado)"},"content":{"rendered":"<p>Campanet es un tranquilo pueblo de monta\u00f1a situado a los pies de la Serra de Tramuntana, en el norte de Mallorca. Lejos del turismo de masas, el lugar ha conservado su car\u00e1cter aut\u00e9ntico y, con su vida rural, sus estrechas callejuelas y su hermosa iglesia parroquial, invita a descubrirlo.<\/p>\n<h2>\u00bfQu\u00e9 se puede encontrar en el mercado semanal de Campanet?<\/h2>\n<p>Campanet es un pueblo peque\u00f1o, por lo que el mercado es bastante reducido. Los d\u00edas de mercado suele haber puestos con fruta y verdura fresca de la zona, adem\u00e1s de algo de pan, flores y productos de uso diario. No espere un gran mercado tur\u00edstico, sino un mercado tranquilo, de car\u00e1cter local y con un ambiente de pueblo. El d\u00eda principal de mercado en Campanet es, tradicionalmente, el martes.<\/p>\n<h2>\u00bfCu\u00e1ndo y d\u00f3nde?<\/h2>\n<p>La plaza que sirve de mercado es la Pla\u00e7a de l\u2019Esgl\u00e9sia, en el centro del pueblo, justo al lado de la iglesia. El mercado semanal habitual <a href=\"https:\/\/mallorca-portal.com\/es\/events\/mercado-semanal-de-campanet\/\">tambi\u00e9n<\/a> tiene lugar <a href=\"https:\/\/mallorca-portal.com\/es\/events\/mercado-semanal-de-campanet\/\">los martes<\/a>, de 9:00 a 13:00. La presencia de puestos los s\u00e1bados puede variar seg\u00fan la temporada; lo mejor es que te informes con antelaci\u00f3n in situ.<\/p>\n<h2>C\u00f3mo llegar y aparcamiento<\/h2>\n<p>Campanet se encuentra a unos 35 minutos en coche al norte de Palma y se puede llegar f\u00e1cilmente por la autopista Ma-13 en direcci\u00f3n a Alc\u00fadia; la salida de Campanet est\u00e1 se\u00f1alizada. En el c\u00e9ntrico y acogedor casco antiguo y en sus alrededores suele ser f\u00e1cil encontrar aparcamiento.<\/p>\n<h2>Consejo para tu visita al mercado<\/h2>\n<p>Aprovecha la excursi\u00f3n para visitar las cercanas cuevas de estalactitas Coves de Campanet o dar un paseo por las tranquilas callejuelas del pueblo. Un caf\u00e9 en la plaza situada frente a la iglesia pone el broche de oro a la visita a este rinc\u00f3n aut\u00e9ntico de Mallorca.<\/p>\n<h2>Preguntas frecuentes sobre el mercado semanal de Campanet<\/h2>\n<h3>\u00bfCu\u00e1ndo se celebra el mercado semanal de Campanet?<\/h3>\n<p>El mercado principal, ya consolidado, tiene lugar los martes de 9:00 a 13:00 en la Pla\u00e7a de l\u2019Esgl\u00e9sia. La presencia de puestos los s\u00e1bados puede variar seg\u00fan la temporada.<\/p>\n<h3>\u00bfQu\u00e9 se vende en el mercado de Campanet?<\/h3>\n<p>Al ser un peque\u00f1o mercado de pueblo, Campanet ofrece sobre todo fruta y verdura regional, as\u00ed como productos de primera necesidad.<\/p>\n<h3>\u00bfMerece la pena visitar Campanet?<\/h3>\n<p>Para todos aquellos que buscan la Mallorca tranquila y aut\u00e9ntica, lejos de las rutas tur\u00edsticas, este pueblo de monta\u00f1a con sus cuevas es un destino que merece la pena.<\/p>\n","protected":false},"excerpt":{"rendered":"<p>Campanet es un tranquilo pueblo de monta\u00f1a situado a los pies de la Serra de Tramuntana, en el norte de Mallorca. Lejos del turismo de masas, el lugar ha conservado su car\u00e1cter aut\u00e9ntico y, con su vida rural, sus estrechas callejuelas y su hermosa iglesia parroquial, invita a descubrirlo. \u00bfQu\u00e9 se puede encontrar en el<\/p>\n","protected":false},"author":0,"featured_media":0,"comment_status":"open","ping_status":"closed","template":"","tags":[],"mec_category":[678],"class_list":["post-4221","mec-events","type-mec-events","status-publish","hentry","mec_category-mercados-semanales"],"_links":{"self":[{"href":"https:\/\/mallorca-portal.com\/es\/wp-json\/wp\/v2\/mec-events\/4221","targetHints":{"allow":["GET"]}}],"collection":[{"href":"https:\/\/mallorca-portal.com\/es\/wp-json\/wp\/v2\/mec-events"}],"about":[{"href":"https:\/\/mallorca-portal.com\/es\/wp-json\/wp\/v2\/types\/mec-events"}],"replies":[{"embeddable":true,"href":"https:\/\/mallorca-portal.com\/es\/wp-json\/wp\/v2\/comments?post=4221"}],"wp:attachment":[{"href":"https:\/\/mallorca-portal.com\/es\/wp-json\/wp\/v2\/media?parent=4221"}],"wp:term":[{"taxonomy":"post_tag","embeddable":true,"href":"https:\/\/mallorca-portal.com\/es\/wp-json\/wp\/v2\/tags?post=4221"},{"taxonomy":"mec_category","embeddable":true,"href":"https:\/\/mallorca-portal.com\/es\/wp-json\/wp\/v2\/mec_category?post=4221"}],"curies":[{"name":"wp","href":"https:\/\/api.w.org\/{rel}","templated":true}]}}

Mercado semanal de Campanet (sábado)

<p>Campanet es un tranquilo pueblo de montaña situado a los pies de la Serra de Tramuntana, en el norte de Mallorca. Lejos del turismo de masas, el lugar ha conservado su carácter auténtico y, con su vida rural, sus estrechas callejuelas y su hermosa iglesia parroquial, invita a descubrirlo.</p>
<h2>¿Qué se puede encontrar en el mercado semanal de Campanet?</h2>
<p>Campanet es un pueblo pequeño, por lo que el mercado es bastante reducido. Los días de mercado suele haber puestos con fruta y verdura fresca de la zona, además de algo de pan, flores y productos de uso diario. No espere un gran mercado turístico, sino un mercado tranquilo, de carácter local y con un ambiente de pueblo. El día principal de mercado en Campanet es, tradicionalmente, el martes.</p>
<h2>¿Cuándo y dónde?</h2>
<p>La plaza que sirve de mercado es la Plaça de l’Església, en el centro del pueblo, justo al lado de la iglesia. El mercado semanal habitual <a href="https://mallorca-portal.com/es/events/mercado-semanal-de-campanet/">también</a> tiene lugar <a href="https://mallorca-portal.com/es/events/mercado-semanal-de-campanet/">los martes</a>, de 9:00 a 13:00. La presencia de puestos los sábados puede variar según la temporada; lo mejor es que te informes con antelación in situ.</p>
<h2>Cómo llegar y aparcamiento</h2>
<p>Campanet se encuentra a unos 35 minutos en coche al norte de Palma y se puede llegar fácilmente por la autopista Ma-13 en dirección a Alcúdia; la salida de Campanet está señalizada. En el céntrico y acogedor casco antiguo y en sus alrededores suele ser fácil encontrar aparcamiento.</p>
<h2>Consejo para tu visita al mercado</h2>
<p>Aprovecha la excursión para visitar las cercanas cuevas de estalactitas Coves de Campanet o dar un paseo por las tranquilas callejuelas del pueblo. Un café en la plaza situada frente a la iglesia pone el broche de oro a la visita a este rincón auténtico de Mallorca.</p>
<h2>Preguntas frecuentes sobre el mercado semanal de Campanet</h2>
<h3>¿Cuándo se celebra el mercado semanal de Campanet?</h3>
<p>El mercado principal, ya consolidado, tiene lugar los martes de 9:00 a 13:00 en la Plaça de l’Església. La presencia de puestos los sábados puede variar según la temporada.</p>
<h3>¿Qué se vende en el mercado de Campanet?</h3>
<p>Al ser un pequeño mercado de pueblo, Campanet ofrece sobre todo fruta y verdura regional, así como productos de primera necesidad.</p>
<h3>¿Merece la pena visitar Campanet?</h3>
<p>Para todos aquellos que buscan la Mallorca tranquila y auténtica, lejos de las rutas turísticas, este pueblo de montaña con sus cuevas es un destino que merece la pena.</p>

<p>Campanet es un tranquilo pueblo de montaña situado a los pies de la Serra de Tramuntana, en el norte de Mallorca. Lejos del turismo de masas, el lugar ha conservado su carácter auténtico y, con su vida rural, sus estrechas callejuelas y su hermosa iglesia parroquial, invita a descubrirlo. ¿Qué se puede encontrar en el</p>
