{"id":4312,"date":"2026-08-28T16:01:14","date_gmt":"2026-08-28T14:01:14","guid":{"rendered":"https:\/\/mallorca-portal.com\/events\/mercadillo-de-consell-rastro\/"},"modified":"2026-08-28T16:01:14","modified_gmt":"2026-08-28T14:01:14","slug":"mercadillo-de-consell-rastro","status":"publish","type":"mec-events","link":"https:\/\/mallorca-portal.com\/es\/events\/mercadillo-de-consell-rastro\/","title":{"rendered":"Mercadillo de Consell (Rastro)"},"content":{"rendered":"<p>El Rastro de Consell es el mercadillo cl\u00e1sico m\u00e1s grande de Mallorca: se celebra todos los domingos por la ma\u00f1ana a las afueras de Consell, en la Avenida del Raiguer. Art\u00edculos de segunda mano, antig\u00fcedades, muebles, herramientas, libros, ropa y curiosidades: quien llega temprano encuentra las mejores piezas.<\/p>\n<p><strong>Cu\u00e1ndo:<\/strong> todos los domingos, aproximadamente de 6:30 a 14:00 h<br \/><strong>D\u00f3nde:<\/strong> Avenida del Raiguer, 4, 07330 Consell<br \/><strong>Consejo:<\/strong> lleva dinero en efectivo, ya que a partir de las 9:00 las plazas de aparcamiento escasean.<\/p>\n","protected":false},"excerpt":{"rendered":"<p>El Rastro de Consell es el mercadillo cl\u00e1sico m\u00e1s grande de Mallorca: se celebra todos los domingos por la ma\u00f1ana a las afueras de Consell, en la Avenida del Raiguer. Art\u00edculos de segunda mano, antig\u00fcedades, muebles, herramientas, libros, ropa y curiosidades: quien llega temprano encuentra las mejores piezas. Cu\u00e1ndo: todos los domingos, aproximadamente de 6:30<\/p>\n","protected":false},"author":1,"featured_media":0,"comment_status":"open","ping_status":"closed","template":"","tags":[],"mec_category":[679],"class_list":["post-4312","mec-events","type-mec-events","status-publish","hentry","mec_category-mercadillos-segunda-mano"],"_links":{"self":[{"href":"https:\/\/mallorca-portal.com\/es\/wp-json\/wp\/v2\/mec-events\/4312","targetHints":{"allow":["GET"]}}],"collection":[{"href":"https:\/\/mallorca-portal.com\/es\/wp-json\/wp\/v2\/mec-events"}],"about":[{"href":"https:\/\/mallorca-portal.com\/es\/wp-json\/wp\/v2\/types\/mec-events"}],"author":[{"embeddable":true,"href":"https:\/\/mallorca-portal.com\/es\/wp-json\/wp\/v2\/users\/1"}],"replies":[{"embeddable":true,"href":"https:\/\/mallorca-portal.com\/es\/wp-json\/wp\/v2\/comments?post=4312"}],"wp:attachment":[{"href":"https:\/\/mallorca-portal.com\/es\/wp-json\/wp\/v2\/media?parent=4312"}],"wp:term":[{"taxonomy":"post_tag","embeddable":true,"href":"https:\/\/mallorca-portal.com\/es\/wp-json\/wp\/v2\/tags?post=4312"},{"taxonomy":"mec_category","embeddable":true,"href":"https:\/\/mallorca-portal.com\/es\/wp-json\/wp\/v2\/mec_category?post=4312"}],"curies":[{"name":"wp","href":"https:\/\/api.w.org\/{rel}","templated":true}]}}

<p>El Rastro de Consell es el mercadillo clásico más grande de Mallorca: se celebra todos los domingos por la mañana a las afueras de Consell, en la Avenida del Raiguer. Artículos de segunda mano, antigüedades, muebles, herramientas, libros, ropa y curiosidades: quien llega temprano encuentra las mejores piezas.</p>
<p><strong>Cuándo:</strong> todos los domingos, aproximadamente de 6:30 a 14:00 h<br /><strong>Dónde:</strong> Avenida del Raiguer, 4, 07330 Consell<br /><strong>Consejo:</strong> lleva dinero en efectivo, ya que a partir de las 9:00 las plazas de aparcamiento escasean.</p>

<p>El Rastro de Consell es el mercadillo clásico más grande de Mallorca: se celebra todos los domingos por la mañana a las afueras de Consell, en la Avenida del Raiguer. Artículos de segunda mano, antigüedades, muebles, herramientas, libros, ropa y curiosidades: quien llega temprano encuentra las mejores piezas. Cuándo: todos los domingos, aproximadamente de 6:30</p>
