{"id":4318,"date":"2026-08-28T16:01:16","date_gmt":"2026-08-28T14:01:16","guid":{"rendered":"https:\/\/mallorca-portal.com\/events\/mercado-de-segunda-mano-palma-placa-barcelona\/"},"modified":"2026-08-28T16:01:16","modified_gmt":"2026-08-28T14:01:16","slug":"mercado-de-segunda-mano-palma-placa-barcelona","status":"publish","type":"mec-events","link":"https:\/\/mallorca-portal.com\/es\/events\/mercado-de-segunda-mano-palma-placa-barcelona\/","title":{"rendered":"Mercado de segunda mano Palma Pla\u00e7a Barcelona"},"content":{"rendered":"<p>El Mercadet de segona m\u00e0, situado en la Pla\u00e7a de Barcelona, es el encantador mercadillo vintage y de segunda mano de Palma, en pleno barrio de Santa Catalina\/Es Fort\u00ed: moda vintage, libros, discos de vinilo, art\u00edculos de decoraci\u00f3n y art\u00edculos de segunda mano.<\/p>\n<p><strong>Cu\u00e1ndo:<\/strong> cada tercer s\u00e1bado del mes, aproximadamente de 10:30 a 14:30 h <em>\u2014excepto<\/em> en enero, junio, julio y agosto\u2014<br \/><strong>D\u00f3nde:<\/strong> Pla\u00e7a de Barcelona, Palma<\/p>\n","protected":false},"excerpt":{"rendered":"<p>El Mercadet de segona m\u00e0, situado en la Pla\u00e7a de Barcelona, es el encantador mercadillo vintage y de segunda mano de Palma, en pleno barrio de Santa Catalina\/Es Fort\u00ed: moda vintage, libros, discos de vinilo, art\u00edculos de decoraci\u00f3n y art\u00edculos de segunda mano. Cu\u00e1ndo: cada tercer s\u00e1bado del mes, aproximadamente de 10:30 a 14:30 h<\/p>\n","protected":false},"author":1,"featured_media":0,"comment_status":"open","ping_status":"closed","template":"","tags":[],"mec_category":[679],"class_list":["post-4318","mec-events","type-mec-events","status-publish","hentry","mec_category-mercadillos-segunda-mano"],"_links":{"self":[{"href":"https:\/\/mallorca-portal.com\/es\/wp-json\/wp\/v2\/mec-events\/4318","targetHints":{"allow":["GET"]}}],"collection":[{"href":"https:\/\/mallorca-portal.com\/es\/wp-json\/wp\/v2\/mec-events"}],"about":[{"href":"https:\/\/mallorca-portal.com\/es\/wp-json\/wp\/v2\/types\/mec-events"}],"author":[{"embeddable":true,"href":"https:\/\/mallorca-portal.com\/es\/wp-json\/wp\/v2\/users\/1"}],"replies":[{"embeddable":true,"href":"https:\/\/mallorca-portal.com\/es\/wp-json\/wp\/v2\/comments?post=4318"}],"wp:attachment":[{"href":"https:\/\/mallorca-portal.com\/es\/wp-json\/wp\/v2\/media?parent=4318"}],"wp:term":[{"taxonomy":"post_tag","embeddable":true,"href":"https:\/\/mallorca-portal.com\/es\/wp-json\/wp\/v2\/tags?post=4318"},{"taxonomy":"mec_category","embeddable":true,"href":"https:\/\/mallorca-portal.com\/es\/wp-json\/wp\/v2\/mec_category?post=4318"}],"curies":[{"name":"wp","href":"https:\/\/api.w.org\/{rel}","templated":true}]}}

Mercado de segunda mano Palma Plaça Barcelona

<p>El Mercadet de segona mà, situado en la Plaça de Barcelona, es el encantador mercadillo vintage y de segunda mano de Palma, en pleno barrio de Santa Catalina/Es Fortí: moda vintage, libros, discos de vinilo, artículos de decoración y artículos de segunda mano.</p>
<p><strong>Cuándo:</strong> cada tercer sábado del mes, aproximadamente de 10:30 a 14:30 h <em>—excepto</em> en enero, junio, julio y agosto—<br /><strong>Dónde:</strong> Plaça de Barcelona, Palma</p>

<p>El Mercadet de segona mà, situado en la Plaça de Barcelona, es el encantador mercadillo vintage y de segunda mano de Palma, en pleno barrio de Santa Catalina/Es Fortí: moda vintage, libros, discos de vinilo, artículos de decoración y artículos de segunda mano. Cuándo: cada tercer sábado del mes, aproximadamente de 10:30 a 14:30 h</p>
