{"id":4320,"date":"2026-08-28T16:01:17","date_gmt":"2026-08-28T14:01:17","guid":{"rendered":"https:\/\/mallorca-portal.com\/events\/mercado-de-segunda-mano-de-campos\/"},"modified":"2026-08-28T16:01:17","modified_gmt":"2026-08-28T14:01:17","slug":"mercado-de-segunda-mano-de-campos","status":"publish","type":"mec-events","link":"https:\/\/mallorca-portal.com\/es\/events\/mercado-de-segunda-mano-de-campos\/","title":{"rendered":"Mercado de segunda mano de Campos"},"content":{"rendered":"<p>Los s\u00e1bados se celebra en Campos un mercadillo de art\u00edculos de segunda mano: art\u00edculos para el hogar, ropa, baratijas y peque\u00f1os muebles de segunda mano, ideal para combinarlo con el mercado semanal del centro del pueblo.<\/p>\n<p><strong>Cu\u00e1ndo:<\/strong> todos los s\u00e1bados, aproximadamente de 8:30 a 13:30 h<br \/><strong>D\u00f3nde:<\/strong> Carrer de Santany\u00ed, 56, 07630 Campos<\/p>\n","protected":false},"excerpt":{"rendered":"<p>Los s\u00e1bados se celebra en Campos un mercadillo de art\u00edculos de segunda mano: art\u00edculos para el hogar, ropa, baratijas y peque\u00f1os muebles de segunda mano, ideal para combinarlo con el mercado semanal del centro del pueblo. Cu\u00e1ndo: todos los s\u00e1bados, aproximadamente de 8:30 a 13:30 hD\u00f3nde: Carrer de Santany\u00ed, 56, 07630 Campos<\/p>\n","protected":false},"author":1,"featured_media":0,"comment_status":"open","ping_status":"closed","template":"","tags":[],"mec_category":[679],"class_list":["post-4320","mec-events","type-mec-events","status-publish","hentry","mec_category-mercadillos-segunda-mano"],"_links":{"self":[{"href":"https:\/\/mallorca-portal.com\/es\/wp-json\/wp\/v2\/mec-events\/4320","targetHints":{"allow":["GET"]}}],"collection":[{"href":"https:\/\/mallorca-portal.com\/es\/wp-json\/wp\/v2\/mec-events"}],"about":[{"href":"https:\/\/mallorca-portal.com\/es\/wp-json\/wp\/v2\/types\/mec-events"}],"author":[{"embeddable":true,"href":"https:\/\/mallorca-portal.com\/es\/wp-json\/wp\/v2\/users\/1"}],"replies":[{"embeddable":true,"href":"https:\/\/mallorca-portal.com\/es\/wp-json\/wp\/v2\/comments?post=4320"}],"wp:attachment":[{"href":"https:\/\/mallorca-portal.com\/es\/wp-json\/wp\/v2\/media?parent=4320"}],"wp:term":[{"taxonomy":"post_tag","embeddable":true,"href":"https:\/\/mallorca-portal.com\/es\/wp-json\/wp\/v2\/tags?post=4320"},{"taxonomy":"mec_category","embeddable":true,"href":"https:\/\/mallorca-portal.com\/es\/wp-json\/wp\/v2\/mec_category?post=4320"}],"curies":[{"name":"wp","href":"https:\/\/api.w.org\/{rel}","templated":true}]}}

<p>Los sábados se celebra en Campos un mercadillo de artículos de segunda mano: artículos para el hogar, ropa, baratijas y pequeños muebles de segunda mano, ideal para combinarlo con el mercado semanal del centro del pueblo.</p>
<p><strong>Cuándo:</strong> todos los sábados, aproximadamente de 8:30 a 13:30 h<br /><strong>Dónde:</strong> Carrer de Santanyí, 56, 07630 Campos</p>

<p>Los sábados se celebra en Campos un mercadillo de artículos de segunda mano: artículos para el hogar, ropa, baratijas y pequeños muebles de segunda mano, ideal para combinarlo con el mercado semanal del centro del pueblo. Cuándo: todos los sábados, aproximadamente de 8:30 a 13:30 hDónde: Carrer de Santanyí, 56, 07630 Campos</p>
