{"id":4328,"date":"2026-08-28T16:01:19","date_gmt":"2026-08-28T14:01:19","guid":{"rendered":"https:\/\/mallorca-portal.com\/events\/mercado-de-segunda-mano-de-cala-ratjada\/"},"modified":"2026-08-28T16:01:19","modified_gmt":"2026-08-28T14:01:19","slug":"mercado-de-segunda-mano-de-cala-ratjada","status":"publish","type":"mec-events","link":"https:\/\/mallorca-portal.com\/es\/events\/mercado-de-segunda-mano-de-cala-ratjada\/","title":{"rendered":"Mercado de segunda mano de Cala Ratjada"},"content":{"rendered":"<p>El mercadillo mensual de art\u00edculos de segunda mano de Cala Ratjada ofrece ropa, libros, juguetes y art\u00edculos usados: un relajado paseo dominical por el noreste de la isla.<\/p>\n<p><strong>Cu\u00e1ndo:<\/strong> cada segundo domingo del mes, aproximadamente de 9:00 a 14:00 h<br \/><strong>D\u00f3nde:<\/strong> centro de Cala Ratjada.<\/p>\n","protected":false},"excerpt":{"rendered":"<p>El mercadillo mensual de art\u00edculos de segunda mano de Cala Ratjada ofrece ropa, libros, juguetes y art\u00edculos usados: un relajado paseo dominical por el noreste de la isla. Cu\u00e1ndo: cada segundo domingo del mes, aproximadamente de 9:00 a 14:00 hD\u00f3nde: centro de Cala Ratjada.<\/p>\n","protected":false},"author":1,"featured_media":0,"comment_status":"open","ping_status":"closed","template":"","tags":[],"mec_category":[679],"class_list":["post-4328","mec-events","type-mec-events","status-publish","hentry","mec_category-mercadillos-segunda-mano"],"_links":{"self":[{"href":"https:\/\/mallorca-portal.com\/es\/wp-json\/wp\/v2\/mec-events\/4328","targetHints":{"allow":["GET"]}}],"collection":[{"href":"https:\/\/mallorca-portal.com\/es\/wp-json\/wp\/v2\/mec-events"}],"about":[{"href":"https:\/\/mallorca-portal.com\/es\/wp-json\/wp\/v2\/types\/mec-events"}],"author":[{"embeddable":true,"href":"https:\/\/mallorca-portal.com\/es\/wp-json\/wp\/v2\/users\/1"}],"replies":[{"embeddable":true,"href":"https:\/\/mallorca-portal.com\/es\/wp-json\/wp\/v2\/comments?post=4328"}],"wp:attachment":[{"href":"https:\/\/mallorca-portal.com\/es\/wp-json\/wp\/v2\/media?parent=4328"}],"wp:term":[{"taxonomy":"post_tag","embeddable":true,"href":"https:\/\/mallorca-portal.com\/es\/wp-json\/wp\/v2\/tags?post=4328"},{"taxonomy":"mec_category","embeddable":true,"href":"https:\/\/mallorca-portal.com\/es\/wp-json\/wp\/v2\/mec_category?post=4328"}],"curies":[{"name":"wp","href":"https:\/\/api.w.org\/{rel}","templated":true}]}}

<p>El mercadillo mensual de artículos de segunda mano de Cala Ratjada ofrece ropa, libros, juguetes y artículos usados: un relajado paseo dominical por el noreste de la isla.</p>
<p><strong>Cuándo:</strong> cada segundo domingo del mes, aproximadamente de 9:00 a 14:00 h<br /><strong>Dónde:</strong> centro de Cala Ratjada.</p>

<p>El mercadillo mensual de artículos de segunda mano de Cala Ratjada ofrece ropa, libros, juguetes y artículos usados: un relajado paseo dominical por el noreste de la isla. Cuándo: cada segundo domingo del mes, aproximadamente de 9:00 a 14:00 hDónde: centro de Cala Ratjada.</p>
