{"id":4330,"date":"2026-08-28T16:01:19","date_gmt":"2026-08-28T14:01:19","guid":{"rendered":"https:\/\/mallorca-portal.com\/events\/mercado-de-segunda-mano-de-porto-cristo\/"},"modified":"2026-08-28T16:01:19","modified_gmt":"2026-08-28T14:01:19","slug":"mercado-de-segunda-mano-de-porto-cristo","status":"publish","type":"mec-events","link":"https:\/\/mallorca-portal.com\/es\/events\/mercado-de-segunda-mano-de-porto-cristo\/","title":{"rendered":"Mercado de segunda mano de Porto Cristo"},"content":{"rendered":"<p>Mercado de intercambio y de segunda mano en Porto Cristo: particulares ofrecen ropa, libros, juguetes y art\u00edculos para el hogar; se anima expresamente a realizar intercambios.<\/p>\n<p><strong>Cu\u00e1ndo:<\/strong> cada tercer s\u00e1bado del mes, de 10:00 a 14:00 h<br \/>aproximadamente. <strong>D\u00f3nde:<\/strong> centro de Porto Cristo<\/p>\n","protected":false},"excerpt":{"rendered":"<p>Mercado de intercambio y de segunda mano en Porto Cristo: particulares ofrecen ropa, libros, juguetes y art\u00edculos para el hogar; se anima expresamente a realizar intercambios. Cu\u00e1ndo: cada tercer s\u00e1bado del mes, de 10:00 a 14:00 haproximadamente. D\u00f3nde: centro de Porto Cristo<\/p>\n","protected":false},"author":1,"featured_media":0,"comment_status":"open","ping_status":"closed","template":"","tags":[],"mec_category":[679],"class_list":["post-4330","mec-events","type-mec-events","status-publish","hentry","mec_category-mercadillos-segunda-mano"],"_links":{"self":[{"href":"https:\/\/mallorca-portal.com\/es\/wp-json\/wp\/v2\/mec-events\/4330","targetHints":{"allow":["GET"]}}],"collection":[{"href":"https:\/\/mallorca-portal.com\/es\/wp-json\/wp\/v2\/mec-events"}],"about":[{"href":"https:\/\/mallorca-portal.com\/es\/wp-json\/wp\/v2\/types\/mec-events"}],"author":[{"embeddable":true,"href":"https:\/\/mallorca-portal.com\/es\/wp-json\/wp\/v2\/users\/1"}],"replies":[{"embeddable":true,"href":"https:\/\/mallorca-portal.com\/es\/wp-json\/wp\/v2\/comments?post=4330"}],"wp:attachment":[{"href":"https:\/\/mallorca-portal.com\/es\/wp-json\/wp\/v2\/media?parent=4330"}],"wp:term":[{"taxonomy":"post_tag","embeddable":true,"href":"https:\/\/mallorca-portal.com\/es\/wp-json\/wp\/v2\/tags?post=4330"},{"taxonomy":"mec_category","embeddable":true,"href":"https:\/\/mallorca-portal.com\/es\/wp-json\/wp\/v2\/mec_category?post=4330"}],"curies":[{"name":"wp","href":"https:\/\/api.w.org\/{rel}","templated":true}]}}

<p>Mercado de intercambio y de segunda mano en Porto Cristo: particulares ofrecen ropa, libros, juguetes y artículos para el hogar; se anima expresamente a realizar intercambios.</p>
<p><strong>Cuándo:</strong> cada tercer sábado del mes, de 10:00 a 14:00 h<br />aproximadamente. <strong>Dónde:</strong> centro de Porto Cristo</p>

<p>Mercado de intercambio y de segunda mano en Porto Cristo: particulares ofrecen ropa, libros, juguetes y artículos para el hogar; se anima expresamente a realizar intercambios. Cuándo: cada tercer sábado del mes, de 10:00 a 14:00 haproximadamente. Dónde: centro de Porto Cristo</p>
